-k = 3*o + k - 38. Is 7 a factor of o?
False
Suppose -4*k - 20 = 12. Let j(q) = -q**3 - 9*q**2 - 8*q + 6. Let n be j(k). Let d = n - 0. Is 6 a factor of d?
True
Suppose 0 = -6*c + c + 115. Is 10 a factor of c?
False
Let n = 29 + -20. Suppose u + 1 = -2*s, -s + 2*u + 4 = -4*s. Suppose 0 = s*q - 3 - n. Does 3 divide q?
True
Suppose 3*q = -108 - 9. Let x = -27 - q. Is 5 a factor of x?
False
Suppose 0 = 8*b - 4*b - 436. Does 16 divide b?
False
Suppose 5*p - u = 4*u + 145, -u = 1. Is p a multiple of 7?
True
Is 2 a factor of 12*1/(4/3)?
False
Let u(j) = j**3 + 12*j**2 + 10*j + 5. Let z be u(-11). Is 8/z + 29/2 a multiple of 5?
True
Let n(i) = 6*i**2 - i + 2. Is n(2) a multiple of 10?
False
Let d(n) be the first derivative of -n**2/2 + 10*n + 2. Is d(-10) a multiple of 10?
True
Let u = -411 + 229. Let s = -108 - u. Is 20 a factor of s?
False
Suppose 5*h + 4*v - 2 = 8, -v = 0. Does 14 divide (h + 1)*(13 - -1)?
True
Let b be (-1*2)/((-4)/14). Let v = 12 - b. Does 2 divide v?
False
Suppose 0 = 4*f - f - 480. Suppose -f = -5*b - 0. Does 16 divide b?
True
Suppose 5*o + 2*o - 140 = 0. Is 10 a factor of o?
True
Let q(a) be the second derivative of a**6/120 - a**5/20 - a**4/6 - a**3 + a**2 + a. Let r(k) be the first derivative of q(k). Is 10 a factor of r(5)?
False
Suppose -12 = -x + 4*f, -4*x - 49 = 3*f - 135. Is ((-4)/(-8))/(2/x) a multiple of 4?
False
Let u(m) = 10*m**2 + 6*m + 6. Does 9 divide u(-3)?
False
Let w = 35 - -64. Does 33 divide w?
True
Let t be 1 + 1 - (-41)/(-1). Let m = t - -64. Does 6 divide m?
False
Let g = -42 - -108. Is g a multiple of 22?
True
Let x be 1 - -4 - 6/2. Suppose 117 = x*g + 3*y, -g + 66 = 2*y + 2*y. Does 14 divide g?
False
Let v be (-2)/3*(2 + 1). Is 4 a factor of (0 + -2)/(v/8)?
True
Is 26 a factor of (-8 - 1)*364/(-42)?
True
Suppose -3*c - c = -108. Let g be (1 - -2)*1*c. Does 11 divide 1800/g + 4/(-18)?
True
Let c(g) = 2*g**2 + 8*g + 2. Is 57 a factor of c(10)?
False
Let q(b) = b**2 + 8*b + 3. Let r be q(-8). Does 9 divide (-1)/r + 140/15?
True
Suppose 5*d + 3*s - 65 = 0, 3*s - 32 + 7 = -d. Let l = -1 - -6. Suppose 0 = -5*o - d, l*z - 62 = 4*o + 76. Does 13 divide z?
True
Let q(p) = p**3 + 5*p**2 + 3*p + 3. Let u be q(4). Suppose -u - 81 = -3*o. Let n = 120 - o. Is 16 a factor of n?
False
Let m be (-10)/(-8)*(5 - 1). Suppose -l = s + l + m, -3*s + 1 = 2*l. Suppose p - 5*g = 9 - 4, s*p = g + 15. Does 4 divide p?
False
Let y(x) = 28*x - 3. Let j(d) = 7*d - 1. Let u(g) = 18*j(g) - 4*y(g). Is u(7) a multiple of 20?
False
Let z = 588 + -309. Is z a multiple of 31?
True
Suppose -5*f + 24 = -3*c, -2*c = 2*c + 12. Let x = 35 - f. Does 13 divide x?
False
Does 9 divide 6/36 + (-329)/(-6)?
False
Let s(i) = -i**2 - 8*i + 2. Let o be s(-7). Let p(l) = -l**2 + 10*l + 12. Is p(o) a multiple of 21?
True
Let n = -8 - -11. Suppose n*o - o = 16. Let g(x) = 2*x + 11. Is 11 a factor of g(o)?
False
Let z be (-6)/(-1 - (-2 - 1)). Is 13 a factor of -1*(-5 - z)*13?
True
Let h(u) = u**2 + 9*u + 10. Is h(-14) a multiple of 20?
True
Suppose l - 3 = 3*f - 2*l, 0 = 2*f - l - 1. Is 18 a factor of f/8 - (-573)/12?
False
Let r(x) = x**3 + 4*x**2 - 2. Suppose 3*v + 4*i + 8 = 5*v, 0 = i + 4. Let j be r(v). Is (-1)/(-3)*(-54)/j a multiple of 8?
False
Let u(i) = -i**2 - 10*i + 7. Let y(n) = n**3 - 2*n**2 + n + 4. Let c be y(4). Suppose 0 = -0*k + 4*k + c. Does 2 divide u(k)?
False
Let u = 26 + 19. Does 15 divide u?
True
Let a(s) = s**3 - 4*s**2 - 4*s - 7. Suppose 0 = -4*m + 16 + 4. Let f be a(m). Is 13 a factor of 13 - (2*-1 - f)?
True
Suppose -5*g - 80 = 2*l - 3*l, -4*g = -4*l + 400. Suppose 5*m - 10 = l. Is m a multiple of 23?
True
Suppose 0 = -4*i + j, 2*j - 11 = -4*i + i. Is 29 + (3 + 0)*i a multiple of 14?
False
Let m(l) = -l**2 - 3*l + 2. Let c be m(-3). Let o(z) = 6*z - 2. Is 5 a factor of o(c)?
True
Suppose 3*j = -4*h + 363, -4*j + 14*h = 9*h - 484. Is j a multiple of 55?
False
Let p(n) be the third derivative of 2*n**5/15 + n**4/12 - n**3/3 + 4*n**2. Does 21 divide p(3)?
False
Let s(z) be the second derivative of -z**5/20 - 5*z**4/12 + z**3 + 5*z**2/2 - z. Let t(l) = 3*l + 24. Let q be t(-10). Is s(q) even?
False
Suppose 2*d + 0 + 8 = 0. Is (10/(-2))/(d - -3) a multiple of 3?
False
Let k(j) = -3*j**2 + 4*j**2 + 5*j + 5 + 0*j**2. Let c be k(-4). Is 11 a factor of -1*2 - (-24)/c?
True
Let z = -15 + 31. Suppose -5*i = -4*i - z. Is i a multiple of 8?
True
Let q(w) = -w - 2 + w**2 - w + 0*w. Is q(8) a multiple of 23?
True
Suppose -3*j - 5*t = 52 - 147, -2*t + 30 = j. Is j a multiple of 10?
True
Let o be (-13)/(-3) + (-2)/(-3). Let l = 12 - o. Suppose j = 2*z + 30, -5*z - l - 35 = -j. Is j a multiple of 15?
False
Let r be -1 + 4*3/(-6). Let z = r - -10. Is 3 a factor of z?
False
Let q(f) = -65*f + 3. Is q(-1) a multiple of 34?
True
Let o(n) = 2*n - 5. Let z be o(11). Let f be (-24)/2*(-6)/8. Let q = f + z. Is 13 a factor of q?
True
Let n be 2/4*-2*-18. Let t = n - 26. Let c = -4 - t. Is 4 a factor of c?
True
Suppose 8 = 2*x - 4. Does 23 divide (-158)/(-7) - x/(-14)?
True
Suppose 0 = 5*n - 2*p - 23, 5*n = -2*p + 27 - 0. Let o(j) = 2*j**3 - 6*j**2 - 6*j - 3. Let h be o(n). Suppose -5*c + 63 + h = 0. Is 13 a factor of c?
True
Let w = 22 + -14. Suppose -3*q = q - w. Suppose 3*p = -q*d + 64, 5*p - 4*d - 113 = -d. Is 13 a factor of p?
False
Let r(l) be the first derivative of l**4/4 - l**2/2 + 2*l + 1. Is 6 a factor of r(2)?
False
Suppose 23 = -4*y - 5*k, -y + 5*k = 2*y + 61. Is 16 a factor of 35/(-2)*y/5?
False
Suppose -3*g - 26 + 122 = 0. Let f = -25 + g. Is 5 a factor of f?
False
Let a be (-1)/(-2)*8/1. Suppose 38 = a*j - 18. Is 14 a factor of j?
True
Let u = 187 + -76. Is u a multiple of 37?
True
Let r(v) = -5*v + 4. Let b = -9 - -1. Does 16 divide r(b)?
False
Let w(h) = 2*h**2 + 23*h - 17. Does 12 divide w(-15)?
False
Let f = 89 - 4. Does 13 divide f?
False
Suppose -3*f + 3*y = -120, y + 276 = 4*f + 104. Is f a multiple of 11?
True
Let k(s) = -s. Let z(m) = -m**2 - 11*m - 3. Let p(u) = -5*k(u) + z(u). Is p(-4) a multiple of 5?
True
Suppose -b - 4*b - 20 = 0. Is b - -22 - (-4)/2 a multiple of 19?
False
Let q be (-1)/4 - 2485/(-20). Let w = q - 48. Suppose -a = a - w. Is 14 a factor of a?
False
Suppose 0 = 4*v - n - 77, -7*n - 43 = -v - 2*n. Is v a multiple of 6?
True
Suppose 3*n - 3*a = -1 + 127, 168 = 4*n + 4*a. Is 12 a factor of n?
False
Let a(t) = 3*t**2 + 2*t + 1. Let g be a(-1). Suppose 5*w - 4 - 46 = -i, -5*i = -3*w + 30. Suppose 0 = g*c - w - 8. Is c a multiple of 5?
False
Suppose 2*a + 4*r = 204, 2*r = -4*a - 3*r + 405. Is a a multiple of 20?
True
Let t = 49 - 28. Is t a multiple of 4?
False
Let y(z) = -z**3 + 12*z**2 + 15*z + 7. Does 13 divide y(13)?
False
Suppose -w - 2 = -3*x, -2*w - x = -0 - 10. Let a = 35 - w. Does 19 divide a?
False
Is ((-1)/1)/(190/(-189) + 1) a multiple of 26?
False
Let f be (-4)/(-2) + -1 + 1. Let r be (1/3)/(f/42). Let q = 16 - r. Does 5 divide q?
False
Suppose 5*p + 400 = 5*y, 3*y + 3*p - 215 = p. Let b = 126 - y. Does 17 divide b?
True
Let t be (-9)/(-3) - (0 - 2). Suppose v + 9 = j, 4*j + 3*v = t*j - 19. Is j a multiple of 2?
True
Let g(c) = -2*c - 6. Let d be g(-4). Suppose 0 = -5*x + x + d*k - 6, 0 = -2*x - k - 5. Let p(b) = 2*b**2 - 2*b - 3. Is p(x) a multiple of 9?
True
Let m = -94 - -132. Is m a multiple of 9?
False
Suppose -3 = 5*y - 13. Is y/11 + (-2500)/(-44) a multiple of 19?
True
Suppose -2*m = -5*x + 59, -2*x - 2*x + 50 = -3*m. Is 2 a factor of x?
False
Let q(t) be the third derivative of -2*t**3 + 0 - 3/20*t**5 + 1/120*t**6 + t**2 + 0*t + 1/8*t**4. Does 9 divide q(9)?
False
Let g(o) = -3*o + 7. Let f be 16/(-1) - (2 + 0). Let t be (f/15)/(2/10). Is g(t) a multiple of 18?
False
Suppose -b = -191 + 29. Is 18 a factor of b?
True
Let y(t) = t**2 + 10*t - 2. Does 8 divide y(-11)?
False
Let b = 39 + -15. Does 21 divide 29*2 + b/8?
False
Let w(y) = y**3 - 6*y**2 + y - 4. Let c be w(6). Suppose -3*g = c*g - 150. Suppose 2*b + 42 = 5*b - 3*m, 5*b - g = -5*m. Does 5 divide b?
True
Let k be (-10)/4 + (-8)/(-16). Is 27 a factor of k - ((-195)/3 + 1)?
False
Let r be (-2)/(-5) + (-511)/(-35). Does 7 divide r*-1*-1 - 2?
False
Let s be 0/5 + (-151)/1. Let j = -104 - s. Suppose 2*p - 3*d - j = 0, 2*d = 3*p + 25 - 108. Is 11 a factor of p?
False
Suppose 2*g - j = 5*g - 141, -4*g + 3*j + 201 = 0. Is g a multiple of 12?
Tr